- 384 - 336. Suppose 63 = 4*o - 3*i, i - 2*i = -3. Calculate the greatest common divisor of h and o.
18
Let b be (8*3)/2 + -2. Let z be (-1)/3 + 32/6. Suppose -3*k + 202 = 2*v, -z*k + 0*v = -v - 354. Calculate the greatest common factor of k and b.
10
Let m = -10 - -12. Suppose -5*w + m*i + 2 = 0, 0 = -0*w + 3*w + 2*i - 14. Calculate the highest common factor of 14 and w.
2
Let d = 11 - 2. Let k(j) = 59*j**3 + j**2 - j - 1. Let f be k(-1). Let n = 103 + f. Calculate the highest common divisor of n and d.
9
Suppose -14 = -r - 4. Calculate the highest common divisor of 80 and r.
10
Let n(f) = -f**3 - 7*f**2 - 10*f - 20. Let t be n(-6). Calculate the highest common factor of t and 12.
4
Let o = 0 - -7. Calculate the highest common divisor of 7 and o.
7
Suppose 4*v - 2*v = 42. Suppose 16*g - 30 = 11*g. Suppose -o + d - 2*d + g = 0, 4*o + 5*d = v. Calculate the highest common factor of o and 36.
9
Let x(k) = -8*k + 4. Let a be x(-3). Let n = 18 + -11. Calculate the greatest common divisor of a and n.
7
Let q(k) = -3*k**2 - 6*k + 2. Let a be q(-5). Let h = a + 75. Calculate the highest common factor of h and 4.
4
Let g = 12 + -10. Let s be (1/g)/((-1)/(-6)). What is the highest common divisor of s and 2?
1
Let o(k) = k**2 + 2*k - 8. Let c be o(-9). Let u = c + -30. Calculate the highest common factor of u and 5.
5
Let c(p) = -6*p + 6. Let r be c(-2). Calculate the greatest common factor of r and 30.
6
Suppose 4*n - 2*v = 10, 0 = 2*n - 2*v - 3 + 1. Suppose -n = j - 2*j. Let z = 32 - 31. What is the greatest common divisor of j and z?
1
Let z = -6 + 24. Let o = -7 - -13. Calculate the greatest common factor of o and z.
6
Let d(t) = t**2 + 4*t - 1. Let p be d(-5). Suppose -p*s + 130 = 26. Let h(u) = -38*u + 1. Let j be h(-1). What is the greatest common factor of j and s?
13
Let k(c) = 6*c**2 + 5*c + 4. Suppose -12 = -4*l + 5*m, 5*l - 2*m = 3*m + 10. Let p be k(l). What is the greatest common divisor of 198 and p?
18
Suppose -2*j - 3*j + 45 = 0. Let l be j - (2 - (2 - -1)). What is the highest common factor of 5 and l?
5
Suppose -3 = -3*b + 2*b. Let p = 19 - b. Let r be (-88)/2*-1*4. Calculate the greatest common divisor of r and p.
16
Suppose -13 = -5*k + 62. What is the highest common divisor of k and 60?
15
Suppose -z + 6*z + 10 = 0, 12 = 2*c - 2*z. Suppose x - c - 12 = 0. Calculate the highest common divisor of x and 40.
8
Let z = 17 - 7. Let o be (-2 - z/(-4))*18. Calculate the highest common factor of o and 27.
9
Let s(r) = -r + 1. Let h be s(-1). Suppose 0*t - 28 = -h*t. Suppose 3*v - 58 = -16. What is the greatest common factor of t and v?
14
Let d(l) = -l**2 + 5 - 2*l**3 + l**3 + 13. Let f be d(0). Let t be (1/(-2))/((-2)/48). Calculate the highest common divisor of t and f.
6
Let s be ((-2)/6)/((-5)/30). Suppose -5*l = -4*y + 64, 5*l - s + 18 = y. Calculate the greatest common divisor of 64 and y.
16
Suppose 4*n = -8, -x - 4*x - n = -28. Let t be (10/x)/(2/264). Let r = t - 140. Calculate the highest common factor of r and 10.
10
Let d be (5 + 5)/(-1 + 3). Let g(s) = s**2 + d*s**3 - 2*s + 4*s - 3*s**3 + 0*s**2. Let h be g(2). What is the highest common factor of 8 and h?
8
Let n(f) be the third derivative of -f**4/24 + 2*f**2. Let h be n(-11). What is the highest common factor of 88 and h?
11
Let f(l) = l**3 - 10*l**2 - l + 8. Let z be f(10). Let o = z + 4. Suppose -j - 18 = -o*j. Calculate the highest common divisor of j and 45.
9
Let x = -63 + 94. Let l be 12 - (3 - (-3 - -3)). Suppose 4*q - l = x. Calculate the greatest common factor of 90 and q.
10
Let h be -1*3*144/(-27). Suppose -4*s + h = o - 25, o - 37 = -2*s. Calculate the highest common factor of o and 3.
3
Suppose -6 = 2*a + 6. Let m be a/(-33) - (-86)/11. What is the greatest common divisor of m and 72?
8
Let r be 204/8 + 1/2. Calculate the greatest common factor of r and 130.
26
Let d = 49 - 7. Calculate the greatest common divisor of d and 6.
6
Let w = 38 - 10. What is the highest common factor of 4 and w?
4
Suppose -2*s + 160 = -0*s. What is the greatest common factor of 10 and s?
10
Suppose 0 = -4*l - l + 30. Let k be 6*(8/l - -1). What is the highest common divisor of 98 and k?
14
Suppose 3*p + 0*p = 0. Suppose -4*h + 8 = -p*h. Let c be 26 - (3 - 4/h). What is the greatest common divisor of c and 10?
5
Suppose 2*p - 5*p + 12 = 0. Suppose x + 9 = p*x. Calculate the highest common factor of x and 6.
3
Suppose -4*h = 4*s - 8, -3*h = -4*s + 19 + 3. Let k(u) = u**3 - 4*u**2 + u + 4. Let q be k(s). Calculate the highest common divisor of q and 16.
8
Suppose -v - 2*v - 5*c + 44 = 0, v - 24 = -4*c. Let r be (-42)/35*10/(-3). Let q be 32/(-2)*(-5 + r). Calculate the highest common factor of v and q.
8
Let b(w) = -w**3 + 15*w**2 - 9*w - 17. Let y be b(13). Calculate the greatest common factor of 34 and y.
34
Suppose -k = -2*k + 3*f + 2, -k - 2*f + 2 = 0. Suppose 0 = -3*l + 6, k*x - 4*l = -2*l + 116. Calculate the highest common divisor of x and 12.
12
Let y = -3 - -21. Calculate the highest common factor of y and 6.
6
Suppose 2*x = 2*y + 24, 0 = x + 4*y - 2 - 5. Let i = x + -6. Suppose -3*w + 3 = 0, -2*n + 6*w - 3*w + 77 = 0. Calculate the highest common factor of i and n.
5
Let f = -32 + 52. What is the highest common divisor of f and 200?
20
Suppose -3*v + 4*s = 2*v - 95, 3*v - s = 57. Let b be (-1252)/(-6) + 3/9. Calculate the greatest common divisor of b and v.
19
Let g be ((-10)/(-3))/((-1)/(-9)). Suppose 0 = -3*u - 0*u + g. What is the highest common divisor of u and 110?
10
Let d(h) = -h**3 - h**2 + 2*h. Let i be d(-3). What is the greatest common divisor of i and 4?
4
Suppose 0 = 2*o - 7*o + 20. Suppose o*m = -m + 10. Let p = -3 - -4. What is the greatest common factor of p and m?
1
Suppose -3*q - 3 = -36. What is the highest common divisor of 22 and q?
11
Let t be (-728)/(-119) + -6 - (-778)/34. Calculate the highest common factor of 46 and t.
23
Let i be (-380)/(-12) + (-3)/(-9). Calculate the greatest common factor of i and 8.
8
Suppose -5*z + 24 = -116. Let p be 2/7 - (-1112)/z. What is the highest common factor of p and 20?
20
Suppose o = -23 - 13. Let j = o - -56. Suppose 0*z - j = -2*z. What is the highest common divisor of z and 90?
10
Suppose 5*i = 21 + 9. Suppose 0 = 3*t - i + 15. Let u be 2 + 0 - t - 0. Calculate the highest common divisor of u and 40.
5
Let v(h) = h**2 - 15*h - 46. Let m be v(19). Calculate the highest common divisor of m and 90.
30
Suppose n + 55 + 21 = 3*b, -4*n = -b + 40. Calculate the highest common divisor of b and 216.
24
Let d(x) = 5*x**2 - x - 2. Let k be d(2). Calculate the highest common factor of 4 and k.
4
Suppose 3*v - 2*j = -7*j - 14, 0 = v + 5*j + 18. Suppose -16 = -4*y - 0. Suppose y*n - 23 = 17. Calculate the highest common divisor of n and v.
2
Suppose -4*o - 171 + 583 = 2*a, -a + 198 = 4*o. Suppose -5*j + 66 = -a. What is the highest common factor of j and 14?
14
Let l(h) = 7*h**2 + 4*h - 7. Let a be l(-6). Suppose -3*v - 560 = 5*s + 173, 0 = 2*v - 8. Let p = a + s. Calculate the greatest common factor of 8 and p.
8
Let i(a) = -a**3 - a**2 + 3*a - 1. Let b be i(-4). Let g = 0 - 1. Let t be (g - 0)/((-1)/b). What is the greatest common divisor of t and 14?
7
Let n(j) = -505*j. Let l be n(1). Let m be l/(-45) - 4/18. Calculate the greatest common divisor of 11 and m.
11
Suppose -o + 4*l = -151, 6*o - 2*l = o + 701. Suppose -151 = -2*z + o. What is the greatest common divisor of z and 58?
29
Let w = 14 + -5. Let a be 36 + 6/w*-3. What is the highest common factor of 17 and a?
17
Suppose -4*o + 13 = 9. What is the highest common factor of 6 and o?
1
Let f(h) = 10*h**2 - h. Let k be f(-1). Let u be 1/((-2 - 1)/(-3)). Calculate the greatest common factor of k and u.
1
Let v = 1 - -14. Let i = v - 2. Let w = -8 - -21. Calculate the greatest common divisor of i and w.
13
Suppose 0 = -2*l - 2*u + 126 + 90, 0 = -2*l - u + 213. Suppose 6*w - w = 210. What is the greatest common factor of w and l?
21
Let a(v) = -232*v + 1. Let q be a(-1). Suppose -5*x = -q + 33. Let j be 3/1*70/21. Calculate the highest common factor of x and j.
10
Suppose 2*n = -7 - 33. Let h(y) = -4*y + 6. Let c be h(4). Let w = c - n. What is the highest common divisor of 80 and w?
10
Let m = -123 + 128. What is the greatest common factor of m and 35?
5
Let p be 2 - 1